 + -27.
30
Calculate (3 - -1) + (45 - (72 + -6)).
-17
(-111 - -28 - 68) + 85
-66
What is 3 + (-98 - (-7 - (-9 + (0 - -1)))) + 0?
-96
-69 - ((42 - 9) + -30 - (2 + 5))
-65
What is (-32 - -8) + (84 - -21) + -4 + -8?
69
What is the value of -294 - -324 - (2 - -24 - -1)?
3
Calculate -55 - -100 - (-1 + 60).
-14
Evaluate 35 + 7 + -10 - (32 - 6).
6
What is the value of -4 - 35 - (-817 - -879)?
-101
Evaluate 59 - 1 - (28 - 13 - -5).
38
-484 - -359 - (-13 - 48)
-64
-3261 + 3286 + (4 + -2 - 73)
-46
Calculate -402 - -444 - ((2 - 5) + 29 + -6).
22
Evaluate -10 + 21 + -5 + -9 + 11 + -36.
-28
Evaluate -49 + -56 + 86 + 56 + 1.
38
What is the value of (34 + (-4 - -10 - 17) - 4) + 17?
36
What is the value of (7 - (-3 + 2)) + 17 + 6 + -15?
16
Calculate -9 - (1 + -49 - (252 + -251)).
40
Calculate (74 - 116) + -71 - -68.
-45
What is the value of (56 - (114 + -59) - (-9 + 1 + -3)) + -21?
-9
What is the value of 32 + (-4 + (11 - (26 + -13)) - -17)?
43
What is the value of (245 - 213) + 4 + 13 + 4?
53
What is the value of 2 + -120 + 3 + (65 + -36 - 51)?
-137
Evaluate -26 - (-40 + 20 + -14) - -35.
43
-80 + (-85 + 57 - -50)
-58
-67 + 100 + 31 - (-22 + 3)
83
What is (-82 + 157 - 102) + 89?
62
What is the value of 42 + -24 + 2 - (-3 - (7 + -15)) - 0?
15
Calculate 3 + -9 + 58 + 7.
59
57 - 1 - (-1658 - -1671)
43
What is the value of (-2 + 11 - (51 - (9 - (15 - 1)))) + -11?
-58
-2 - (-17 + 7 + -3) - (-99 + (-58 - -35))
133
Calculate 1 - 22 - 27 - -93.
45
What is the value of -49 + -10 + -2 + (-24 - -42 - 3)?
-46
What is 29 - (-14 - -14) - -12?
41
Calculate -1 + -20 + 24 + -18 - 0.
-15
What is -1485 - -1510 - (-10 + 5 + -21)?
51
What is the value of 141 - (1 + (-1 - 15 - (-33 - -12)))?
135
What is -28 - (29 - (-3 + -23 + 25))?
-58
29 + -42 + -4 + -62
-79
(3 - 2) + 5 + (21 + 2 + -31 - 15)
-17
What is the value of -114 - (-551 + 532 + (-7 - 0))?
-88
What is the value of -149 + -133 + 235 - 58?
-105
85 + (-118 - (22 - -24))
-79
What is 58 - (-23 + 13) - 9?
59
Evaluate -261 + 184 + (-5 - -45).
-37
What is the value of 1 + -2 + -8 + (5 + 7 - (12 + 32))?
-41
Evaluate 34 + -4 + -1 - (-24 + (-18 - -37)).
34
Evaluate -15 - (19 + 15 + (20 - 5) + -14).
-50
What is the value of (-9 - 0) + 14 + -18 + (-66 - -14)?
-65
What is (-80 - -81 - (41 - -5)) + (0 - 2)?
-47
Calculate 36 - -1 - (1061 + -1068 + (3 - (2 + -2))).
41
What is 30 + -31 + -3 - (-5 - (5 + -2))?
4
What is the value of 47 - ((37 - 18) + (6 - -3) - 11)?
30
(-2 - 38) + (10424 - 10328)
56
What is -32 - (67 + 107 + -227)?
21
What is the value of 8 - (-32 + 26 + -25)?
39
What is -37 + (31 - 14 - (10 + 0))?
-30
What is (4 - 3) + 12 + (-143 - -155) - (-1 - -10)?
16
What is -6 + 18 + -26 + (38 - 9)?
15
Calculate (-9 - (44 + -10) - -29) + -1 + 6.
-9
-57 + 2 + -34 + (26 + 12 - 7)
-58
What is -4 - -6 - ((6 - (-8 + 12)) + 6)?
-6
Evaluate 33 - (-29 + 69 + 12).
-19
What is the value of (32 + (0 - -3) - 4) + -6 + 12 + -6?
31
What is the value of 124 - (-1 + 52 - (1222 + -1188))?
107
-2 + 3 + -9 + 1 + (16 - -10) + -16
3
Evaluate (-2 - (15 - 4)) + 104 - (2 - -17).
72
Calculate 4 - 28 - (7 + (0 - (5 + 3 + -2))).
-25
Calculate -63 - (-45 + -7) - (-53 + -6).
48
-2 - 19 - (-203 + 169)
13
Evaluate 22 - (5 - (5 + -1)) - 33.
-12
What is (-29 - -2) + 37 + -16?
-6
Calculate 1 - ((-5 - (-2 + (-6 - -11))) + 29).
-20
36 + (-114 - -71) - 16
-23
What is (2 - -1) + -6 - (-103 + 68 + 94)?
-62
(33 - 23 - 3) + -40 + 114
81
What is the value of (-1 - -9) + -10 + 238 + -239 + -2 + 12?
7
Evaluate (19 - 30) + 32 - (10 + 14).
-3
What is -2 + 82 + -62 + 130 + -87?
61
17 - (-1 - -10) - 57
-49
Calculate (17 - -3) + -23 + 40 + 1.
38
Calculate -68 + (13 - 2 - (-16 - -22)) + 65 + -63.
-61
Calculate 127 - 132 - (-1 - (-6 - 10)).
-20
What is -84 + (106 - (44 + -67))?
45
Calculate (-3 + 12 - (-8 - -3 - (-4 + 0))) + 23.
33
What is the value of -191 - -315 - 88 - (-70 + -1)?
107
16 - ((1 - (1 - -3)) + 6)
13
Calculate (78 - (28 + 20 + -31)) + -28.
33
Evaluate 3 - -5 - ((-15 - 6) + -2) - 24.
7
Calculate (101 - (-60 + 76)) + -31.
54
-46 + (-96 - -150) - (2 + 1 + -1)
6
What is the value of (26 - (-5 + 14)) + (8 - -1)?
26
-13 + (19 - (4 + 7)) + -39
-44
What is the value of (-83 - -101 - (1 - -10)) + -5 - -11?
13
What is ((-5 - -4) + -2 - -2) + -4 + 19 + -35?
-21
Calculate 14 + 8 + -1 + 4 - (-63 + 75).
13
What is -662 - -632 - (-1 + 4)?
-33
What is the value of 1 + 24 + 24 + -26 + -104 + 55 + 57?
31
What is 2 + (-4 - 8) + 1 - (-2 + -3 - 9)?
5
What is the value of 505 + -632 - (36 + -190)?
27
Calculate 2 + 3 - -5 - (1613 - 1564).
-39
What is the value of -4 + 6 - (-1 - -67) - (-312 + 140 + 163)?
-55
Evaluate 24 + -11 - (43 + -5) - (7 - 20).
-12
-4 + -50 + (-5 - 23 - -42)
-40
What is the value of (-21 - (16 + -27 + -22)) + (10 - 67)?
-45
Calculate (-184 - -31) + -2 + 22 + 11.
-122
Evaluate 9 - 1 - (-136 - (-228 + 58)).
-26
What is the value of -158 + 136 - (-26 - -2) - 17?
-15
What is 24 - 2 - (-310 - -330) - -4?
6
(-2 + 56 - ((15 - 26) + 5)) + (-2 - 8)
50
Calculate 94 - 1 - (9104 + -8993).
-18
Calculate (31 + -1 - (-162 - -174)) + (0 - -10).
28
100 + -101 - (-68 - (4 + -11) - 0)
60
What is (-3 - 7 - -1) + (103 - 110)?
-16
Calculate -45 - (-40 + 9 + 60).
-74
Calculate 4 + (-9 + 0 + 18 - -43) + -16.
40
What is -914 - -915 - (-3 - -2 - (-18 - -2))?
-14
What is the value of 7 - (13 + 17 - (5 + 3 + -15 - -7))?
-23
What is (23 - 6 - -45) + -16?
46
1 + 12 + (3 + 71 - (-24 - -41))
70
Evaluate (-18 - 29 - -92 - -43) + 14.
102
Evaluate (-4 - (-7 - (8 - 11)) - 70) + -16.
-86
-7066 - -7073 - (45 + 0)
-38
What is -51 - (-49 + 26) - (1 - 2 - -1) - 7?
-35
What is 9 - -1 - (3 - 14 - (-52 + 35 + 14))?
18
Calculate 35 - 31 - (6 + 13 + (-4 - (-15 + 8))).
-18
What is the value of 95 - (78 - (-10 + -100))?
-93
(-38 - (-38 + -45)) + 16
61
6 - (136 - (49 + -20) - ((-2 - -3) + 9))
-91
What is the value of -747 - -675 - (-2 + 0 - 19)?
-51
Calculate 962 + -975 + 166 + -12.
141
Calculate (1935 - 1929 - (49 + 2 + 0 + 2)) + 10.
-37
Evaluate (49 - 114) + 220 - 82.
73
-54 + -13 + ((-11 - -17) + -6 - -23)
-44
1649 + -1760 - (-2 + 4 - 9 - 2)
-102
What is 0 + (-2 - (10 + -1)) + -111 + 100?
-22
What is -33 - (-75 - -103) - (-39 - 0)?
-22
396 + -387 - ((6 - 7) + 39)
-29
Calculate -31 + 4 + -41 + 82.
14
What is ((4 - (2 + -49)) + 7 - (-12 + 24)) + 12?
58
What is 26 - ((-24 - -12) + 49) - (-72 + 4)?
57
What is the value of -39 - ((-34 - -39) + (1 - 11) + 8)?
-42
(24 - 0) + -316 + 261
-31
2263 - 2246 - (-18 - 2)
37
Evaluate -7 + (-4 - (7 - 3)) + (12 - 11) - -87.
73
Calculate -10 - (53 - (52 + 20)).
9
-86 - (43 + (-112 - -25))
-42
What is (11 - -18) + -34 + (-3 - (49 + -7))?
-50
What is the value of -56 - -20 - (5 + (5 - (6 - 8)))?
-48
Calculate 39 + (-42 - (-29 - -57)).
-31
What is (-53 - -47 - 88) + 38 + 4?
-52
Evaluate -28 + -5 + -8 + (12 - 11 - -17).
-23
What is -50 - (-23 - 19) - (-1 + 2 + 0 + 0)?
-9
Evaluate -2 + 2 + 82 - (5 - 4) - (-3006 + 3018).
69
What is -91 - (42 - (37 + 53))?
-43
Evaluate (24 - (-12 + (46 - 10))) + 5.
5
(-1 + -11 - 6) + 49 + -15
16
What is the value of -6 + 0 + (-201 - -138) + 27 + -5?
-47
What is the value of (36 - 22 - 32) + 36 - (-1 + -1 + 0)?
20
What is -1 - 0 - (-59 + 73 - (2 - -24))?
11
Calculate -1 + 6 + (-3 + -5 + -7 - -4).
-6
Calculate 4 - (12 + -4) - (-11 - 7 - -5).
9
What is ((37 - 1) + (-30 - -10) - 16) + (-3 - 97)?
-100
Calculate 4 - 21 - ((14 - 13) + 16 + 60).
-94
What is the value of (-77 + 45 - -41) + -64 + 4?
-51
Calculate 10 - ((4 - -17) + -17 + 0).
6
Evaluate 0 + (66 - (-2 + -1) - (23 - (35 - 4))).
77
What is -54 + -27 - (7 + -34)?
-54
(-1 + 3 + -8 + 3 - 1) + (381 - 388)
-11
-21 + (-1 - -3 - (-372 + 391))
-38
Calculate ((9 - -5) + -14 - 0) + -18.
-18
Calculate 1 + -43 + 218 + -121 + 53.
108
(12 + -1 - 8) + (-3 - 20)
-20
What is 10 + 19 - (2 + 12 + 17)?
-2
Calculate 21 + (-22 - 1) + (-6 - (-5 + -57)).
54
What is the value of -2159 + 2189 - (0 - -24) - (1 + 36)?
-31
What is (-2 - (-10 + 11 - -2) - -14) + -44 - 1?
-36
What is (3 - (5 - 13)) + (-106 - (5 - (-6 + 17)))?
-89
Evaluate 1 + 6 + -116 + 151 + -2.
40
What is -1302 - -1257 - (6 + -16)?
-35
Evaluate 3 + 4 - ((220 - 262) + 0 + 15).
34
Calculate -12 + (-11 - -3 - -21) - ((9 - 12) + 60).
-56
Calculate -15 + (22 - -7) + -17 + 17 - (-1 + 46).
-31
What is the value of 344 + -357 + 1 + 19 - (0 - 4)?
11
What is 23 + -13 + 1 